ime factors of 740?
2, 5, 37
What are the prime factors of 125772?
2, 3, 47, 223
What are the prime factors of 33251?
41, 811
List the prime factors of 78.
2, 3, 13
What are the prime factors of 10279?
19, 541
What are the prime factors of 2065?
5, 7, 59
What are the prime factors of 1413?
3, 157
List the prime factors of 634.
2, 317
What are the prime factors of 16318?
2, 41, 199
List the prime factors of 1237.
1237
List the prime factors of 2456.
2, 307
What are the prime factors of 8941?
8941
List the prime factors of 9067.
9067
What are the prime factors of 44383?
44383
What are the prime factors of 25537?
25537
List the prime factors of 1759.
1759
What are the prime factors of 2574?
2, 3, 11, 13
List the prime factors of 10685.
5, 2137
What are the prime factors of 875?
5, 7
List the prime factors of 25599.
3, 7, 23, 53
What are the prime factors of 427?
7, 61
List the prime factors of 34.
2, 17
What are the prime factors of 2017?
2017
List the prime factors of 1857.
3, 619
List the prime factors of 4537.
13, 349
What are the prime factors of 1749?
3, 11, 53
List the prime factors of 58315.
5, 107, 109
What are the prime factors of 80215?
5, 61, 263
What are the prime factors of 10110?
2, 3, 5, 337
What are the prime factors of 2477?
2477
List the prime factors of 2053.
2053
List the prime factors of 775.
5, 31
What are the prime factors of 908?
2, 227
List the prime factors of 703.
19, 37
What are the prime factors of 1927?
41, 47
What are the prime factors of 1384?
2, 173
What are the prime factors of 87810?
2, 3, 5, 2927
List the prime factors of 902.
2, 11, 41
What are the prime factors of 603?
3, 67
List the prime factors of 687.
3, 229
List the prime factors of 334.
2, 167
What are the prime factors of 51024?
2, 3, 1063
What are the prime factors of 2953?
2953
What are the prime factors of 1522?
2, 761
List the prime factors of 108349.
97, 1117
What are the prime factors of 161212?
2, 41, 983
What are the prime factors of 70775?
5, 19, 149
List the prime factors of 1627.
1627
What are the prime factors of 587?
587
List the prime factors of 59772.
2, 3, 17, 293
What are the prime factors of 65892?
2, 3, 17, 19
What are the prime factors of 4099?
4099
What are the prime factors of 2020?
2, 5, 101
List the prime factors of 19145.
5, 7, 547
List the prime factors of 4621.
4621
What are the prime factors of 55?
5, 11
List the prime factors of 1372.
2, 7
What are the prime factors of 1312?
2, 41
What are the prime factors of 8874?
2, 3, 17, 29
List the prime factors of 9963.
3, 41
List the prime factors of 5110.
2, 5, 7, 73
List the prime factors of 51110.
2, 5, 19, 269
List the prime factors of 586.
2, 293
List the prime factors of 62244.
2, 3, 7, 13, 19
List the prime factors of 40663.
7, 37, 157
List the prime factors of 15454.
2, 7727
What are the prime factors of 1964?
2, 491
List the prime factors of 7357.
7, 1051
What are the prime factors of 1934?
2, 967
What are the prime factors of 17282?
2, 8641
What are the prime factors of 137343?
3, 17, 2693
What are the prime factors of 3065?
5, 613
What are the prime factors of 1531?
1531
What are the prime factors of 12739?
12739
List the prime factors of 144694.
2, 11, 6577
What are the prime factors of 44721?
3, 4969
List the prime factors of 19683.
3
What are the prime factors of 23?
23
What are the prime factors of 27644?
2, 6911
What are the prime factors of 145780?
2, 5, 37, 197
What are the prime factors of 1958?
2, 11, 89
List the prime factors of 39669.
3, 7, 1889
List the prime factors of 1329.
3, 443
List the prime factors of 1042.
2, 521
What are the prime factors of 1868?
2, 467
List the prime factors of 568.
2, 71
List the prime factors of 1211.
7, 173
List the prime factors of 1731.
3, 577
What are the prime factors of 2144?
2, 67
What are the prime factors of 6630?
2, 3, 5, 13, 17
What are the prime factors of 13815?
3, 5, 307
List the prime factors of 182.
2, 7, 13
What are the prime factors of 13404?
2, 3, 1117
List the prime factors of 1671.
3, 557
List the prime factors of 3242.
2, 1621
What are the prime factors of 3689?
7, 17, 31
What are the prime factors of 17130?
2, 3, 5, 571
What are the prime factors of 19698?
2, 3, 7, 67
What are the prime factors of 672?
2, 3, 7
List the prime factors of 10243.
10243
List the prime factors of 5027.
11, 457
List the prime factors of 1101.
3, 367
List the prime factors of 2552.
2, 11, 29
What are the prime factors of 32839?
32839
List the prime factors of 21140.
2, 5, 7, 151
What are the prime factors of 3024?
2, 3, 7
What are the prime factors of 3426?
2, 3, 571
What are the prime factors of 8881?
83, 107
What are the prime factors of 164?
2, 41
What are the prime factors of 24559?
41, 599
List the prime factors of 60653.
131, 463
What are the prime factors of 2546?
2, 19, 67
What are the prime factors of 5461?
43, 127
List the prime factors of 1065.
3, 5, 71
What are the prime factors of 31282?
2, 15641
What are the prime factors of 150?
2, 3, 5
List the prime factors of 3646.
2, 1823
What are the prime factors of 2389?
2389
List the prime factors of 715.
5, 11, 13
List the prime factors of 463.
463
What are the prime factors of 38850?
2, 3, 5, 7, 37
List the prime factors of 94349.
94349
List the prime factors of 3419.
13, 263
List the prime factors of 47597.
11, 4327
List the prime factors of 141.
3, 47
List the prime factors of 20071.
20071
What are the prime factors of 11711?
7, 239
What are the prime factors of 11299?
11299
What are the prime factors of 935?
5, 11, 17
List the prime factors of 111670.
2, 5, 13, 859
What are the prime factors of 4118?
2, 29, 71
What are the prime factors of 72?
2, 3
What are the prime factors of 4555?
5, 911
List the prime factors of 3867.
3, 1289
List the prime factors of 84506.
2, 29, 31, 47
What are the prime factors of 2349?
3, 29
What are the prime factors of 867?
3, 17
List the prime factors of 7272.
2, 3, 101
List the prime factors of 7678.
2, 11, 349
List the prime factors of 1916.
2, 479
List the prime factors of 631.
631
List the prime factors of 2383.
2383
What are the prime factors of 74?
2, 37
List the prime factors of 822.
2, 3, 137
List the prime factors of 90210.
2, 3, 5, 31, 97
List the prime factors of 985.
5, 197
What are the prime factors of 592?
2, 37
What are the prime factors of 45396?
2, 3, 13, 97
List the prime factors of 6279.
3, 7, 13, 23
List the prime factors of 1859.
11, 13
List the prime factors of 33680.
2, 5, 421
List the prime factors of 22.
2, 11
What are the prime factors of 1219?
23, 53
List the prime factors of 891.
3, 11
List the prime factors of 174242.
2, 87121
What are the prime factors of 9043?
9043
What are the prime factors of 6574?
2, 19, 173
What are the prime factors of 8699?
8699
What are the prime factors of 812?
2, 7, 29
What are the prime factors of 129069?
3, 14341
What are the prime factors of 283?
283
What are the prime factors of 619?
619
What are the prime factors of 1724?
2, 431
What are the prime factors of 13547?
19, 23, 31
List the prime factors of 37229.
59, 631
What are the prime factors of 31630?
2, 5, 3163
List the prime factors of 19.
19
What are the prime factors of 610?
2, 5, 61
What are the prime factors of 5723?
59, 97
List the prime factors of 3679.
13, 283
What are the prime factors of 24313?
41, 593
List the prime factors of 31049.
61, 509
List the prime factors of 28264.
2, 3533
List the prime factors of 5232.
2, 3, 109
List the prime factors of 1305.
3, 5, 29
What are the prime factors of 694?
2, 347
List the prime factors of 9449.
11, 859
List the prime factors of 8575.
5, 7
List the prime factors of 2408.
2, 7, 43
What are the prime factors of 2694?
2, 3, 449
What are the prime factors of 1394?
2, 17, 41
What are the prime factors of 3238?
2, 1619
List the prime factors of 6856.
2, 857
List the prime factors of 4828.
2, 17, 71
What are the prime factors of 79?
79
What are the prime factors of 23093?
7, 3299
What are the prime factors of 10702?
2, 5351
What are the prime factors of 9450?
2, 3, 5, 7
List the prime factors of 117907.
157, 751
What are the prime factors of 25?
5
List the prime factors of 112720.
2, 5, 1409
What are the prime factors of 51853?
51853
List the prime factors of 74256.
2, 3, 7, 13, 17